late x(-8).
1
Let f(n) = -2*n + 8. Let j = -25 - -11. Let a = j + 20. Determine f(a).
-4
Let d(h) = -7*h**2 - 3*h - h**3 - h + 5 - 2*h. Let y = -10 - -8. Let z = y + -4. Calculate d(z).
5
Let h(t) be the first derivative of -t**4/8 - 2*t**3/3 + 9*t**2/2 + 1. Let g(s) be the second derivative of h(s). Determine g(-4).
8
Let b be ((-3)/4)/((-5)/(-40)). Let p(h) = 7*h**2 + 8*h + 6. Let z(k) = 8*k**2 + 8*k + 6. Let o(n) = 7*p(n) - 6*z(n). Determine o(b).
-6
Let k(l) = l - 4. Let q(h) = h**3 - 10*h**2 - 9*h - 16. Let d be q(11). Give k(d).
2
Suppose -9 = -7*t - 44. Let v(h) = h**3 + 6*h**2 + 4*h - 5. Determine v(t).
0
Let k(u) = -u - 20. Let r(g) = -g - 22. Let n(f) = 7*k(f) - 6*r(f). What is n(0)?
-8
Let n(l) = 7 + 5*l - 8 + 9*l**3 - 7*l - 2*l**2 - 3*l**3. Let p be 3/(0 + 3) - 2. Determine n(p).
-7
Let l(n) be the third derivative of -1/12*n**4 + 0*n**3 - 1/60*n**5 - 3*n**2 + 0*n + 0. Let i = 0 + -2. Give l(i).
0
Let b(c) = -c**2 + 96*c**3 - 5*c - 111*c**3 + 4*c. Determine b(-1).
15
Let u(b) be the second derivative of 1/3*b**4 + 0 - 1/2*b**2 - 2*b - 1/6*b**3. Calculate u(-1).
4
Let v(x) = -13*x**2 + 19*x - 20. Let s(q) = 3*q**2 - 5*q + 5. Let u(i) = -9*s(i) - 2*v(i). Suppose -4*k - 12 = -2*t, -3*k - k = -3*t + 18. Determine u(t).
1
Let f(q) = 3*q**2 + q. Let n = -4 - -3. Let r be f(n). Let h be (r/3)/(3/(-9)). Let b(t) = -t**2 + t. Calculate b(h).
-6
Let n(i) = i. Let k(s) = -s**2 - 8*s - 2. Let a be k(-6). Let z = 15 - a. Determine n(z).
5
Let f(w) be the second derivative of -w**5/20 - w**4/2 - w**3/2 - 7*w**2/2 - 3*w. Calculate f(-6).
11
Let d(l) = l**2 - 3*l. Let g(k) = k**2 - 10*k + 5. Let t be g(10). Calculate d(t).
10
Suppose -j - 8*u + 4*u = 14, 2 = 2*j - 2*u. Let n(p) = -4*p**2 - 2*p - 3. Determine n(j).
-15
Let u(k) = 9*k**3 + k**2 - 2*k + 1. Suppose -7 = -11*h + 4. Calculate u(h).
9
Let a be (-1)/4 - 114/(-48)*-2. Let m(k) = -k**3 - 5*k**2 - k - 3. Give m(a).
2
Let z(y) be the first derivative of -y**4/4 + 7*y**3/3 - 3*y**2 - 5*y + 46. Give z(6).
-5
Suppose 0 = n - y - 2, -4*n - 4*y - 19 = -59. Let j(t) = -t**2 + 6*t + 4. Give j(n).
4
Let r(d) = -5*d**3 + 0*d - 5*d - 3*d**2 + 4 + 2*d**3 + 4*d**3. What is r(4)?
0
Suppose 3*y - 4*y = 5*b + 6, -4*b + y - 3 = 0. Let r(d) be the second derivative of -d**3/3 - 31*d. What is r(b)?
2
Let c(p) = 2*p + 5 - 3 - 1 - p**3 - 3 - 3*p**2. Suppose -3*g = d + d, 0 = 5*d - 3*g - 21. Let z be (-2)/(2/9*d). What is c(z)?
-8
Let v(s) be the third derivative of s**4/24 + s**3/2 + 14*s**2. Give v(-3).
0
Suppose k + 4 = -3. Let n(b) = b + 2. Determine n(k).
-5
Suppose 7*s - 12 = 3*s. Let h(k) = 2*k**2 - 4*k + 1. Give h(s).
7
Let m(d) be the first derivative of -d**2/2 + 7*d - 4. Let b = -41 + 24. Let v = -12 - b. Give m(v).
2
Let f(c) = 2*c - 2. Let a = -40 + 35. What is f(a)?
-12
Let n(o) = -o**3 + 9*o**2 - 9*o + 11. Let x be n(8). Let h(i) = -x*i**3 - 5 - i + 3*i**2 - 3*i**3 + 5*i**3 + 2. Calculate h(3).
-6
Let z(r) = -3*r + 1 - 3 + 7*r. Determine z(3).
10
Let h(y) = -y**2 - 2*y - 1. Let q be h(-3). Let d(f) be the third derivative of -f**4/24 + f**3/6 + f**2. Give d(q).
5
Suppose 4*u - 3*b - 7 = 0, 3*u = b - 3*b - 16. Let d be (2 - (0 + 1)) + 0. Let p = d - u. Let j(s) = s**3 - 4*s**2 + 4*s - 1. Give j(p).
2
Let x(y) = -3 - y**3 + 2*y - 4*y**3 + 2. Suppose 3*l - 14 - 1 = 0. Suppose 0 = 5*c - l. Determine x(c).
-4
Let c(x) = x**3 + 4*x**2 - x - 2. Let v be 10/4 + (-2)/(-4). Suppose v*t + 17 = -5*l, -4*t - 5*l = -3 + 24. Calculate c(t).
2
Let z(g) = g**2 + 3*g - 7. Let v be 6/10 - 56/(-40). Suppose -r = v*r + 15. What is z(r)?
3
Let t(i) = -7*i + 1. Let b = 45 - 65. Let a be 1/(-4) + b/(-16). Let j be -2 + 1/(a - 0). Determine t(j).
8
Let t be (2/6)/((-2)/(-18)). Suppose 8 = -t*w + 2*q, 4*w + 11 = -2*q - 9. Let m(a) = a. Give m(w).
-4
Let u(x) = -x + 8. Let w be u(14). Let f(n) = n. What is f(w)?
-6
Let y(c) = 3*c + 4 - 2 - 5 - 2*c. What is y(2)?
-1
Let q = -6 - -13. Let c(w) = -q + 3*w**2 - 1 + 7 + w - 1 - w**3. Let n = 8 + -6. Give c(n).
4
Let r(n) = n**2 - 2*n - 3. Let y be r(4). Suppose 16*i = 15*i + 2. Let h(d) = 2*d + d**2 - d - 5*d**3 + i*d**3 + 4*d**3 + y. Give h(0).
5
Let a(d) = d**2 + 5*d - 3. Let k(g) = -g - 2. Let i be k(-8). Suppose 2*n - 20 = i*n. What is a(n)?
-3
Let w(m) = -m**3 + 3*m**2 - 2*m + 1. Let i(y) = y**3 - 6*y**2 - y + 6. Let z be i(6). Suppose z = 2*b - 0*b + 18. Let a be (1*-3)/(b/6). Give w(a).
1
Let j be (-3)/(0 + -3)*3. Let a(s) = 0*s**2 + s**j - 6*s + 0*s - 6 - 3*s**2 - 2*s**2. Determine a(6).
-6
Let x be (0/(-1))/(-3 + 1). Suppose 3*l + 0*l - 4*z - 24 = x, 0 = -l + 3*z + 13. Let c(m) = -5*m + m + 2*m - l*m**3 - 1. Determine c(-1).
5
Let h(t) = t - 2. Let x be h(8). Let w(a) = -x + 6*a - 6*a**2 + a**2 - a**3 + a**2. Suppose 3*l + 7 = -8. Calculate w(l).
-11
Let p(q) = 3*q - 2. Let u be p(3). Let s(l) = 6*l**2 + 3 - 5*l**2 - u*l + 3. Calculate s(5).
-4
Let h(m) = m**3 + 6*m**2 + 2. Let p be h(-6). Let n(r) = -5*r + p*r + 0*r + 2. Let l be n(2). Let o(x) = -x**3 - 3*x**2 + 3*x + 1. Give o(l).
5
Let g(d) = -5*d**2 + 5*d**2 + d**2 + 1. Let s(b) = 7*b**2 - 3*b + 9. Let x = -16 - -22. Let m(k) = x*g(k) - s(k). What is m(3)?
-3
Let x be -1 + -1 + 8 + -3. Let m(i) = i. Let w(r) = 1. Let s(n) = -m(n) - 6*w(n). Let d(v) = v + 5. Let f(k) = x*s(k) + 4*d(k). Determine f(3).
5
Let j(o) = o**3 - o**2 + 2*o - 3. Suppose -2*m = -4*m - 16. Let b = -6 - m. Determine j(b).
5
Let p(m) = 5*m**2 - 1. Let s = 3 + -2. Suppose 2*v - 7 = -3. Suppose v*n + s = 3. Give p(n).
4
Let w(p) = -p**3 + p**2 + 6. Suppose -2*t - 19 = -1. Let n = t - -9. What is w(n)?
6
Suppose 5*q - 6 = 4. Suppose q*a = -4*d - 10 - 8, 5*d + 6 = 3*a. Let p(o) = -3*o. Give p(d).
9
Let k(h) be the first derivative of h**7/105 + h**6/360 + h**5/60 + h**4/24 + 5*h**3/3 + 8. Let v(g) be the third derivative of k(g). What is v(-1)?
-8
Let w(g) be the first derivative of g**4/4 - 7*g**3/3 + 7*g**2/2 + 5*g + 4. Suppose 3 + 2 = 5*p + 5*t, 0 = 3*t + 15. What is w(p)?
11
Let j(d) = -4 - 3*d - 3*d + 1 + 4*d. Give j(-5).
7
Let q(a) = -8*a**2 - 5*a + 3. Let m(x) = 7*x**2 + 6*x - 4. Let k(l) = -4*m(l) - 5*q(l). Suppose -3 = 5*d - h, 0*d + 2*d = 2*h + 2. What is k(d)?
12
Let h(w) = 2*w**2 - 6*w. Let x(s) = s. Let f(d) = -h(d) - 4*x(d). What is f(2)?
-4
Let x(s) be the third derivative of -7*s**4/24 - s**3/6 - 4*s**2. What is x(1)?
-8
Let i(d) = d**3 + 4*d**2 + 2. Suppose 20 = s + 3*s - 4*r, 2*s - r - 11 = 0. Let m(o) = 7*o**2 - 8*o + o - o**3 + 2 + 0*o. Let f be m(s). Determine i(f).
2
Let c(y) = 4*y**2 - 2*y - 1. Let a be c(-1). Let x(t) = -t**2 + 8*t + 12. Let f be x(9). Let r(h) = 5*h + 0*h**2 + 4 + h**2 + 3*h**2 - h**f. What is r(a)?
4
Let p(i) = -2*i**2 + 5*i - 2. Let v be p(3). Let n(c) = c**2 + 2*c - 4. What is n(v)?
11
Let n(t) = -78*t + t**2 + 37*t + 41*t - 4. Give n(4).
12
Let d(y) be the second derivative of -y**5/20 - y**4/3 - y**3/2 + y**2/2 + 5*y. Let k(c) = 4*c**3 + 2*c**2 + 2*c + 1. Let s be k(-1). Calculate d(s).
1
Let a = -3 + 2. Let g(x) = 2 - 2 - 3*x + 8*x**2 + 2*x - 1. Calculate g(a).
8
Let f(x) = -5*x**3 + 10*x**2 - 9*x - 12. Let n(p) = p**2 + 8*p**2 - 1 - 4*p**3 - 10 - 8*p. Let j(v) = -5*f(v) + 6*n(v). Let z = -12 + 8. Determine j(z).
6
Suppose -2*b - 2*b = 0. Suppose 2 = g - b. Let p(r) = -28*r**g + 28*r**2 + 2 - r**3 - r. What is p(2)?
-8
Suppose 18*w - 22*w = -8. Let l(f) = 4*f**2 - 7*f**2 + 6*f**w - 3 + 6*f - 4*f**2. Calculate l(2).
5
Let h(c) be the third derivative of -c**5/60 - c**4/8 + c**3 - c**2. Let x(t) = -t - 10. Let m be x(-5). Calculate h(m).
-4
Suppose -20 = -3*s - 5. Suppose 0 = s*x - 7 - 8. Let g(p) = p**x + 2 + p**2 + 3*p - 2*p**3 - 2*p - 12. Give g(0).
-10
Let t be (-1 - -3) + 7 + -12. Let q = t - -1. Let z(b) = 3*b - 4*b + 0*b - 2 + 2*b. Calculate z(q).
-4
Suppose 5*x + 2*i - 27 = 0, 5*x - 10*x + 3*i = -22. Let t(m) = -5 - 4*m + 5*m + 1. What is t(x)?
1
Let d(a) = -a**3 + a - 1. Let y(h) = -h**3 + 2*h**2 + 5*h - 6. Let g(q) = 6*d(q) - y(q). Calculate g(1).
-6
Let f be (-1 - -3)*(-7 - (-28)/8). Let t(i) = -i**3 - 7*i**2 + i + 8. Determine t(f).
1
Suppose -2*j = -j + 5*u - 4, 0 = 5*u - 10. Let i(v) = -7*v**2 - 7*v - 7. Let x(c) = -15*c**2 - 14*c - 15. Let s(d) = 13*i(d) - 6*x(d). Determine s(j).
5
Let y(o) = -o + 3. Let k be y(6). Let u(g) = 6*g**3 + 5*g**2 - g + 5. Let h(s) = s**3 - s + 1. Let l(x) =